5 is divided by 11?
9
What is the remainder when 1028 is divided by 58?
42
Calculate the remainder when 5718 is divided by 88.
86
What is the remainder when 19798 is divided by 6?
4
What is the remainder when 344 is divided by 54?
20
What is the remainder when 120 is divided by 22?
10
What is the remainder when 534 is divided by 49?
44
Calculate the remainder when 242 is divided by 63.
53
What is the remainder when 7 is divided by 1?
0
What is the remainder when 997 is divided by 17?
11
What is the remainder when 2710 is divided by 2706?
4
What is the remainder when 1376 is divided by 9?
8
Calculate the remainder when 181 is divided by 46.
43
Calculate the remainder when 1637 is divided by 91.
90
What is the remainder when 335 is divided by 114?
107
Calculate the remainder when 21620 is divided by 19.
17
What is the remainder when 201 is divided by 12?
9
Calculate the remainder when 735 is divided by 9.
6
Calculate the remainder when 386 is divided by 66.
56
What is the remainder when 1917 is divided by 315?
27
Calculate the remainder when 1661 is divided by 171.
122
Calculate the remainder when 3505 is divided by 10.
5
Calculate the remainder when 204 is divided by 77.
50
What is the remainder when 1622 is divided by 268?
14
What is the remainder when 3162 is divided by 36?
30
Calculate the remainder when 844 is divided by 25.
19
Calculate the remainder when 364 is divided by 16.
12
What is the remainder when 82 is divided by 17?
14
Calculate the remainder when 278 is divided by 121.
36
What is the remainder when 50 is divided by 26?
24
What is the remainder when 309 is divided by 20?
9
Calculate the remainder when 2357 is divided by 40.
37
What is the remainder when 5098 is divided by 14?
2
Calculate the remainder when 6769 is divided by 10.
9
What is the remainder when 2998 is divided by 79?
75
Calculate the remainder when 89 is divided by 20.
9
Calculate the remainder when 239 is divided by 24.
23
Calculate the remainder when 378 is divided by 26.
14
Calculate the remainder when 115 is divided by 13.
11
Calculate the remainder when 278 is divided by 93.
92
Calculate the remainder when 6682 is divided by 24.
10
What is the remainder when 395 is divided by 18?
17
Calculate the remainder when 124 is divided by 5.
4
Calculate the remainder when 506 is divided by 45.
11
What is the remainder when 271 is divided by 38?
5
Calculate the remainder when 7998 is divided by 10.
8
What is the remainder when 1811 is divided by 18?
11
Calculate the remainder when 297 is divided by 17.
8
What is the remainder when 1086 is divided by 32?
30
What is the remainder when 696 is divided by 17?
16
Calculate the remainder when 544 is divided by 316.
228
Calculate the remainder when 1026 is divided by 149.
132
Calculate the remainder when 87 is divided by 13.
9
What is the remainder when 322 is divided by 9?
7
Calculate the remainder when 89 is divided by 26.
11
Calculate the remainder when 1242 is divided by 321.
279
What is the remainder when 139 is divided by 48?
43
Calculate the remainder when 1205 is divided by 39.
35
Calculate the remainder when 2165 is divided by 41.
33
What is the remainder when 1585 is divided by 69?
67
What is the remainder when 203 is divided by 42?
35
What is the remainder when 484 is divided by 94?
14
What is the remainder when 303 is divided by 157?
146
Calculate the remainder when 1756 is divided by 32.
28
What is the remainder when 264 is divided by 4?
0
Calculate the remainder when 150 is divided by 45.
15
Calculate the remainder when 3383 is divided by 77.
72
Calculate the remainder when 203 is divided by 56.
35
What is the remainder when 87 is divided by 49?
38
What is the remainder when 286 is divided by 29?
25
Calculate the remainder when 272 is divided by 23.
19
What is the remainder when 137 is divided by 11?
5
What is the remainder when 116 is divided by 15?
11
Calculate the remainder when 33 is divided by 22.
11
Calculate the remainder when 4371 is divided by 162.
159
Calculate the remainder when 1343 is divided by 18.
11
What is the remainder when 17 is divided by 10?
7
Calculate the remainder when 88 is divided by 77.
11
Calculate the remainder when 1469 is divided by 23.
20
What is the remainder when 352 is divided by 50?
2
What is the remainder when 6263 is divided by 60?
23
What is the remainder when 340 is divided by 69?
64
Calculate the remainder when 747 is divided by 75.
72
Calculate the remainder when 233 is divided by 34.
29
Calculate the remainder when 24223 is divided by 95.
93
Calculate the remainder when 4414 is divided by 12.
10
Calculate the remainder when 8 is divided by 3.
2
Calculate the remainder when 119 is divided by 11.
9
Calculate the remainder when 322 is divided by 97.
31
What is the remainder when 2054 is divided by 407?
19
Calculate the remainder when 71 is divided by 70.
1
What is the remainder when 12042 is divided by 5?
2
Calculate the remainder when 1573 is divided by 232.
181
What is the remainder when 2047 is divided by 338?
19
Calculate the remainder when 91 is divided by 66.
25
What is the remainder when 1377 is divided by 662?
53
What is the remainder when 27 is divided by 5?
2
Calculate the remainder when 272 is divided by 269.
3
What is the remainder when 232 is divided by 80?
72
Calculate the remainder when 1649 is divided by 75.
74
What is the remainder when 41 is divided by 30?
11
Calculate the remainder when 38 is divided by 13.
12
What is the remainder when 1356 is divided by 59?
58
Calculate the remainder when 76 is divided by 20.
16
Calculate the remainder when 524 is divided by 248.
28
What is the remainder when 180 is divided by 144?
36
Calculate the remainder when 366 is divided by 131.
104
What is the remainder when 587 is divided by 14?
13
What is the remainder when 32 is divided by 6?
2
What is the remainder when 217 is divided by 25?
17
Calculate the remainder when 52 is divided by 19.
14
Calculate the remainder when 3760 is divided by 38.
36
Calculate the remainder when 196 is divided by 107.
89
Calculate the remainder when 86 is divided by 46.
40
Calculate the remainder when 254 is divided by 16.
14
Calculate the remainder when 2305 is divided by 231.
226
Calculate the remainder when 1252 is divided by 481.
290
What is the remainder when 2158 is divided by 18?
16
What is the remainder when 2114 is divided by 13?
8
What is the remainder when 497 is divided by 83?
82
Calculate the remainder when 257 is divided by 10.
7
What is the remainder when 802 is divided by 107?
53
What is the remainder when 1743 is divided by 544?
111
What is the remainder when 142 is divided by 6?
4
Calculate the remainder when 897 is divided by 31.
29
Calculate the remainder when 382 is divided by 68.
42
What is the remainder when 6 is divided by 1?
0
What is the remainder when 91 is divided by 36?
19
Calculate the remainder when 767 is divided by 22.
19
Calculate the remainder when 177 is divided by 20.
17
Calculate the remainder when 545 is divided by 39.
38
What is the remainder when 317 is divided by 64?
61
Calculate the remainder when 329 is divided by 38.
25
What is the remainder when 1543 is divided by 15?
13
Calculate the remainder when 5581 is divided by 1393.
9
Calculate the remainder when 679 is divided by 115.
104
Calculate the remainder when 45 is divided by 4.
1
Calculate the remainder when 333 is divided by 8.
5
What is the remainder when 549 is divided by 264?
21
Calculate the remainder when 1725 is divided by 16.
13
Calculate the remainder when 113 is divided by 25.
13
Calculate the remainder when 122 is divided by 62.
60
What is the remainder when 463 is divided by 39?
34
What is the remainder when 78 is divided by 13?
0
What is the remainder when 295 is divided by 76?
67
What is the remainder when 2732 is divided by 82?
26
What is the remainder when 959 is divided by 64?
63
What is the remainder when 2352 is divided by 76?
72
Calculate the remainder when 223 is divided by 60.
43
What is the remainder when 1130 is divided by 103?
100
Calculate the remainder when 2139 is divided by 51.
48
Calculate the remainder when 261 is divided by 80.
21
What is the remainder when 5588 is divided by 27?
26
Calculate the remainder when 3465 is divided by 51.
48
Calculate the remainder w